{"id":2136,"date":"2025-07-01T23:44:22","date_gmt":"2025-07-02T03:44:22","guid":{"rendered":"https:\/\/wahhingtrading.com\/index.php\/product\/te-gao-shan-tie-guan-yun-lata\/"},"modified":"2025-10-20T21:05:57","modified_gmt":"2025-10-21T01:05:57","slug":"te-gao-shan-tie-guan-yun-lata","status":"publish","type":"product","link":"https:\/\/wahhingtrading.com\/index.php\/product\/te-gao-shan-tie-guan-yun-lata\/","title":{"rendered":"T\u00e9 Gao Shan Tie Guan Yun  (Lata)"},"content":{"rendered":"<p>Es un t\u00e9 chino de tipo oolong conocido como \u00abDiosa de Hierro de la Misericordia \u00ab. Se caracteriza por su aroma floral y su sabor dulce. Tiene una categor\u00eda entre t\u00e9 verde y t\u00e9 negro. Tiene muchos beneficios como: ayuda a perder peso, reduce el riesgo de la obesidad, es digestivo, antienvejecimiento, y ayuda en la prevenci\u00f3n de la diabetes.<\/p>\n<p>Contenido :227g<\/p>\n<p>Preparaci\u00f3n:<br \/>\nPoner una cucharadita de t\u00e9 en una taza, luego agregar agua bien caliente, dejar reposar 5 min y listo para tomar.<\/p>\n<p>Descargo de responsabilidad:<br \/>\nAunque en Wah Hing Trading, nos esforzamos por garantizar la exactitud de las im\u00e1genes e informaci\u00f3n de nuestros productos, es posible que algunos cambios de presentaci\u00f3n y\/o ingredientes de los mismos est\u00e9n pendientes de actualizaci\u00f3n en nuestro sitio web. Sin embargo, la frescura de los productos siempre est\u00e1 garantizada. Le recomendamos que lea las etiquetas, advertencias e instrucciones de todos los productos antes de usarlos y que no conf\u00ede \u00fanicamente en la informaci\u00f3n proporcionada por Wah Hing Trading. Por cortes\u00eda hacia nuestros clientes, este sitio web ha sido traducido autom\u00e1ticamente. Asimismo, Wah Hing Trading no garantiza que las traducciones sean completas o est\u00e9n libres de errores y no se hace responsable de los errores u omisiones que puedan producirse en la traducci\u00f3n.<\/p>\n","protected":false},"excerpt":{"rendered":"<p>Es un t\u00e9 chino de tipo oolong conocido como \u00abDiosa de Hierro de la Misericordia \u00ab. Se caracteriza por su aroma floral y su sabor dulce. Tiene una categor\u00eda entre t\u00e9 verde y t\u00e9 negro. Tiene muchos beneficios como: ayuda a perder peso, reduce el riesgo de la obesidad, es digestivo, antienvejecimiento, y ayuda en [&hellip;]<\/p>\n","protected":false},"featured_media":2104,"comment_status":"open","ping_status":"closed","template":"","meta":[],"product_brand":[],"product_cat":[25],"product_tag":[],"class_list":{"0":"post-2136","1":"product","2":"type-product","3":"status-publish","4":"has-post-thumbnail","6":"product_cat-suplementos","8":"first","9":"instock","10":"shipping-taxable","11":"purchasable","12":"product-type-simple"},"_links":{"self":[{"href":"https:\/\/wahhingtrading.com\/index.php\/wp-json\/wp\/v2\/product\/2136","targetHints":{"allow":["GET"]}}],"collection":[{"href":"https:\/\/wahhingtrading.com\/index.php\/wp-json\/wp\/v2\/product"}],"about":[{"href":"https:\/\/wahhingtrading.com\/index.php\/wp-json\/wp\/v2\/types\/product"}],"replies":[{"embeddable":true,"href":"https:\/\/wahhingtrading.com\/index.php\/wp-json\/wp\/v2\/comments?post=2136"}],"wp:featuredmedia":[{"embeddable":true,"href":"https:\/\/wahhingtrading.com\/index.php\/wp-json\/wp\/v2\/media\/2104"}],"wp:attachment":[{"href":"https:\/\/wahhingtrading.com\/index.php\/wp-json\/wp\/v2\/media?parent=2136"}],"wp:term":[{"taxonomy":"product_brand","embeddable":true,"href":"https:\/\/wahhingtrading.com\/index.php\/wp-json\/wp\/v2\/product_brand?post=2136"},{"taxonomy":"product_cat","embeddable":true,"href":"https:\/\/wahhingtrading.com\/index.php\/wp-json\/wp\/v2\/product_cat?post=2136"},{"taxonomy":"product_tag","embeddable":true,"href":"https:\/\/wahhingtrading.com\/index.php\/wp-json\/wp\/v2\/product_tag?post=2136"}],"curies":[{"name":"wp","href":"https:\/\/api.w.org\/{rel}","templated":true}]}}